{"id":182,"date":"2019-03-31T09:26:36","date_gmt":"2019-03-31T09:26:36","guid":{"rendered":"https:\/\/www.suomi-ranska.com\/kuopio\/?page_id=182"},"modified":"2023-10-20T17:41:50","modified_gmt":"2023-10-20T14:41:50","slug":"tapahtumat-2019","status":"publish","type":"page","link":"https:\/\/www.suomi-ranska.com\/kuopio\/tapahtumat-2019\/","title":{"rendered":"Tapahtumat 2019"},"content":{"rendered":"[et_pb_section fb_built=&#8221;1&#8243; _builder_version=&#8221;4.22.2&#8243; _module_preset=&#8221;default&#8221; background_enable_color=&#8221;off&#8221; use_background_color_gradient=&#8221;on&#8221; background_color_gradient_stops=&#8221;#002654 0%|#ffffff 100%&#8221; background_enable_image=&#8221;off&#8221; background_size=&#8221;contain&#8221; width=&#8221;100%&#8221; max_width=&#8221;100%&#8221; custom_padding=&#8221;16px||24px|||&#8221; global_colors_info=&#8221;{}&#8221; theme_builder_area=&#8221;post_content&#8221;][et_pb_row column_structure=&#8221;1_3,1_3,1_3&#8243; _builder_version=&#8221;4.22.2&#8243; _module_preset=&#8221;default&#8221; max_width=&#8221;1920px&#8221; custom_padding=&#8221;||0px||false|false&#8221; global_colors_info=&#8221;{}&#8221; theme_builder_area=&#8221;post_content&#8221;][et_pb_column type=&#8221;1_3&#8243; _builder_version=&#8221;4.22.2&#8243; _module_preset=&#8221;default&#8221; custom_padding=&#8221;50px||||false|false&#8221; global_colors_info=&#8221;{}&#8221; theme_builder_area=&#8221;post_content&#8221;][et_pb_text _builder_version=&#8221;4.22.2&#8243; _module_preset=&#8221;default&#8221; header_font=&#8221;Lato|700|||||||&#8221; header_text_align=&#8221;center&#8221; header_text_color=&#8221;#FFFFFF&#8221; header_font_size=&#8221;40px&#8221; header_3_font=&#8221;Lato||||||||&#8221; header_3_text_align=&#8221;center&#8221; header_3_text_color=&#8221;#000000&#8243; header_3_font_size=&#8221;30px&#8221; header_3_line_height=&#8221;1.1em&#8221; custom_margin=&#8221;||0px|0px|false|false&#8221; custom_margin_tablet=&#8221;||0px|0px|false|false&#8221; custom_margin_phone=&#8221;||0px|0px|false|false&#8221; custom_margin_last_edited=&#8221;on|tablet&#8221; hover_enabled=&#8221;0&#8243; header_font_size_tablet=&#8221;40px&#8221; header_font_size_phone=&#8221;30px&#8221; header_font_size_last_edited=&#8221;on|tablet&#8221; global_colors_info=&#8221;{}&#8221; theme_builder_area=&#8221;post_content&#8221; sticky_enabled=&#8221;0&#8243;]<h1 class=\"centerer\">Tapahtumat 2019<\/h1>[\/et_pb_text][\/et_pb_column][et_pb_column type=&#8221;1_3&#8243; _builder_version=&#8221;4.22.1&#8243; _module_preset=&#8221;default&#8221; global_colors_info=&#8221;{}&#8221; theme_builder_area=&#8221;post_content&#8221;][et_pb_image src=&#8221;https:\/\/www.suomi-ranska.com\/kuopio\/wp-content\/uploads\/2023\/10\/Kuopio-1.webp&#8221; title_text=&#8221;Kuopio&#8221; align=&#8221;center&#8221; align_tablet=&#8221;center&#8221; align_phone=&#8221;center&#8221; align_last_edited=&#8221;on|desktop&#8221; _builder_version=&#8221;4.22.2&#8243; _module_preset=&#8221;default&#8221; max_height=&#8221;148px&#8221; global_colors_info=&#8221;{}&#8221; theme_builder_area=&#8221;post_content&#8221;][\/et_pb_image][\/et_pb_column][et_pb_column type=&#8221;1_3&#8243; _builder_version=&#8221;4.22.1&#8243; _module_preset=&#8221;default&#8221; global_colors_info=&#8221;{}&#8221; theme_builder_area=&#8221;post_content&#8221;][et_pb_text _builder_version=&#8221;4.22.2&#8243; _module_preset=&#8221;default&#8221; header_2_font=&#8221;Lato|700|||||||&#8221; header_2_text_align=&#8221;left&#8221; header_2_text_color=&#8221;#002654&#8243; header_2_font_size=&#8221;18px&#8221; custom_margin=&#8221;50px||||false|false&#8221; global_colors_info=&#8221;{}&#8221; theme_builder_area=&#8221;post_content&#8221;]<h2 class=\"centerer\" style=\"text-align: center;\"><span id=\"french-title\">Kuopion Suomi-Ranska yhdistys ry<\/span><\/h2>[\/et_pb_text][\/et_pb_column][\/et_pb_row][\/et_pb_section][et_pb_section fb_built=&#8221;1&#8243; admin_label=&#8221;section&#8221; _builder_version=&#8221;4.16&#8243; global_colors_info=&#8221;{}&#8221;][et_pb_row admin_label=&#8221;row&#8221; _builder_version=&#8221;4.16&#8243; background_size=&#8221;initial&#8221; background_position=&#8221;top_left&#8221; background_repeat=&#8221;repeat&#8221; global_colors_info=&#8221;{}&#8221;][et_pb_column type=&#8221;4_4&#8243; _builder_version=&#8221;4.16&#8243; custom_padding=&#8221;|||&#8221; global_colors_info=&#8221;{}&#8221; custom_padding__hover=&#8221;|||&#8221;][et_pb_text admin_label=&#8221;Text&#8221; _builder_version=&#8221;4.22.2&#8243; background_size=&#8221;initial&#8221; background_position=&#8221;top_left&#8221; background_repeat=&#8221;repeat&#8221; hover_enabled=&#8221;0&#8243; global_colors_info=&#8221;{}&#8221; text_font_size=&#8221;16px&#8221; sticky_enabled=&#8221;0&#8243;]<p><\/p>\n<ul class=\"wp-block-list\">\n<ul><\/ul>\n<\/ul>\n<p>&nbsp;<\/p>\n<ul>\n<ul>\n<li>9.1.2019 klo 13 kuukausilounas Viikinkiravintola Haraldissa (Tulliportinkatu 44)<\/li>\n<\/ul>\n<\/ul>\n<p><\/p>\n<p><\/p>\n<ul>\n<ul>\n<li>6.2.2019 kuukausilounas klo 13 v\u00e4limerellisess\u00e4 Ravintola\u00a0Kreetassa (Maaherrankatu 23)<\/li>\n<\/ul>\n<\/ul>\n<p><\/p>\n<p><\/p>\n<ul>\n<ul>\n<li>13.2.2019 klo 17:30 \u2013 21:30 yst\u00e4vyysseurojen perinteinen yst\u00e4v\u00e4np\u00e4iv\u00e4n juhlatilaisuus<br \/>ravintola BowlD1nerissa (Viihdekeskus Minna, Ajurinkatu 16)<\/li>\n<\/ul>\n<\/ul>\n<p><\/p>\n<p><\/p>\n<ul>\n<ul>\n<li>14.2.2919 klo 16 yhdistyksen s\u00e4\u00e4nt\u00f6m\u00e4\u00e4r\u00e4inen vuosikokous Monikulttuurikeskus Kompassissa (Kauppakatu 40 \u2013 42)<\/li>\n<\/ul>\n<\/ul>\n<p><\/p>\n<p><\/p>\n<ul>\n<ul>\n<li>6.3.2019 klo 13 kuukausilounas Ravintola Skillassa (Savonkatu 24)<\/li>\n<\/ul>\n<\/ul>\n<p><\/p>\n<p><\/p>\n<ul>\n<ul>\n<li>30.3.2019 klo 11 p\u00e4\u00e4si\u00e4ishenkinen kokkikurssi Vanhassa Marttalassa (Ajurinkatu 43). Kokkasimme kev\u00e4isi\u00e4 p\u00e4\u00e4si\u00e4isherkkuja Chef-Marjatan johdolla:<br \/>\u2022 Ricotta-pinaattikohokasta<br \/>\u2022 Mausteisia lampaanlihavartaita ja salade de lentilles<br \/>\u2022 Cafe gourmet &#8211; eli kaksi ihanaa j\u00e4lkiruokaa kahvin kanssa<\/li>\n<\/ul>\n<\/ul>\n<p><\/p>\n<p><\/p>\n<p><\/p>\n<figure class=\"wp-block-image aligncenter size-large\"><img loading=\"lazy\" decoding=\"async\" width=\"1024\" height=\"765\" src=\"https:\/\/www.suomi-ranska.com\/kuopio\/wp-content\/uploads\/2023\/10\/IMG_2940-1024x765.jpg\" alt=\"\" class=\"wp-image-3172\" srcset=\"https:\/\/www.suomi-ranska.com\/kuopio\/wp-content\/uploads\/2023\/10\/IMG_2940-980x732.jpg 980w, https:\/\/www.suomi-ranska.com\/kuopio\/wp-content\/uploads\/2023\/10\/IMG_2940-480x359.jpg 480w\" sizes=\"(min-width: 0px) and (max-width: 480px) 480px, (min-width: 481px) and (max-width: 980px) 980px, (min-width: 981px) 1024px, 100vw\" \/><\/figure>\n<p><\/p>\n<p><\/p>\n<ul class=\"wp-block-list\">\n<ul><\/ul>\n<\/ul>\n<p>&nbsp;<\/p>\n<ul>\n<ul>\n<li>3.4.2019 klo 13 kuukausilounas muikkuravintola Sammossa (Kauppakatu 13). Ravintola tarjoaa tunnetusti Suomen, tai oikeastaan maailman, parhaat muikut. Saatavilla on my\u00f6s kasvis- ja liharuokaa.<\/li>\n<\/ul>\n<\/ul>\n<p><\/p>\n<p><\/p>\n<ul>\n<ul>\n<li>8.5.2019 klo 13 kuukausilounas ravintola Bokassa, Koljonniemenkatu 2.<\/li>\n<\/ul>\n<\/ul>\n<p><\/p>\n<p><\/p>\n<ul>\n<ul>\n<li>25.5.2019 kokkikurssi Vanhassa Marttalassa (Ajurinkatu 43): Herkuteltiin juustolla ja viinill\u00e4.<\/li>\n<\/ul>\n<\/ul>\n<p><\/p>\n<p><\/p>\n<ul>\n<ul>\n<li>14.7.2019 (sunnuntai) vietettiin Ranskan kansallisp\u00e4iv\u00e4\u00e4 Kaavilla Eero Markkisen kes\u00e4paikassa.<\/li>\n<\/ul>\n<\/ul>\n<p><\/p>\n<p><\/p>\n<ul>\n<ul>\n<li>7.8.2019 klo 13 kuukausilounas Wanhassa Satamassa, Matkustajasatamassa<\/li>\n<\/ul>\n<\/ul>\n<p><\/p>\n<p><\/p>\n<ul>\n<ul>\n<li>Keskiviikkona 28.8.2019 klo 13 tutustuttiin Kuopion taidemuseon (Kauppakatu 35)\u00a0vaihtuvaan n\u00e4yttelyyn \u201dLiikkuvat muodot\u201d. Siin\u00e4 viivan rytmi, liikkeen tuntu ja teosten muotojen keskin\u00e4inen dynamiikka luovat n\u00e4yttelyn, jossa taide ja liikunta kohtaavat.<\/li>\n<\/ul>\n<\/ul>\n<p><\/p>\n<p><\/p>\n<ul>\n<ul>\n<li>Keskiviikkona 4.9.2019\u00a0retkeiltiin Jynkk\u00e4\u00e4n lounastamaan ravintola K\u00e4skynkk\u00e4\u00e4n (Soikkokuja 12) \u00a0(syyskuun kuukausilounas).<\/li>\n<\/ul>\n<\/ul>\n<p><\/p>\n<p><\/p>\n<ul>\n<ul>\n<li>Lokakuun kuukausilounas nautittiin keskiviikkona 2.10. klo 13 ravintola Saanassa (Siikaranta 12). Lounaaseen kuului alkusalaatit &amp; Liepuskan leip\u00e4\u00e4, savuporokeitto ja curry-aurajuustobroileriatai kasvispasta sek\u00e4 pieni makea kahvin tai teen kanssa. Paikalla oli runsaasti v\u00e4ke\u00e4, pitk\u00e4n p\u00f6yd\u00e4n t\u00e4ydelt\u00e4!<\/li>\n<\/ul>\n<\/ul>\n<p><\/p>\n<p><\/p>\n<ul>\n<ul>\n<li>Kokkikurssillamme lauantaina 19.10. klo 11\u201316 vanhassa Marttalassa (Ajurinkatu 43) herkuttelimme syksyn sadolla, jota opimme kokkaamaan chef-Marjatan johdolla. Herkkuihin kuului mm. kaalikakku. Tarjolla oli uuniomenoiden lis\u00e4ksi toinenkin j\u00e4lkiruoka, sill\u00e4 j\u00e4senemme Marja Soininen n\u00e4ytti upeita kuvia matkoiltaan.<\/li>\n<\/ul>\n<\/ul>\n<p><\/p>\n<p><\/p>\n<ul>\n<ul>\n<li>Marraskuun kuukausilounas nautittiin keskiviikkona 6.11. klo 13 ravintola Komilfossa (K\u00e4sity\u00f6katu 25). Paikalla suuri joukko cerclel\u00e4isi\u00e4.<\/li>\n<\/ul>\n<\/ul>\n<p><\/p>\n<p><\/p>\n<ul>\n<ul>\n<li>Uuden sadon Beaujolais-viinist\u00e4, pienest\u00e4 suolaisesta, ihanasta makeasta sek\u00e4 hyv\u00e4st\u00e4 seurasta p\u00e4\u00e4simme nauttimaan lauantaina 23.11.2019 vanhassa Marttalassa (Ajurinkatu 43).<\/li>\n<\/ul>\n<\/ul>\n<p><\/p>\n<p><\/p>\n<ul>\n<ul>\n<li>Cerclel\u00e4isten joulukuun kuukausilounas nautittiin keskiviikkona 4.12. klo 13 Ravintola Kreetassa (Maaherrankatu 23).<\/li>\n<\/ul>\n<\/ul>\n<p><\/p>\n<p><\/p>[\/et_pb_text][\/et_pb_column][\/et_pb_row][\/et_pb_section][et_pb_section fb_built=&#8221;1&#8243; _builder_version=&#8221;4.22.1&#8243; _module_preset=&#8221;default&#8221; background_color=&#8221;#ce1126&#8243; background_enable_image=&#8221;off&#8221; background_size=&#8221;contain&#8221; width=&#8221;100%&#8221; max_width=&#8221;100%&#8221; min_height=&#8221;334px&#8221; custom_padding=&#8221;||24px|||&#8221; saved_tabs=&#8221;all&#8221; global_colors_info=&#8221;{}&#8221; theme_builder_area=&#8221;post_content&#8221;][et_pb_row column_structure=&#8221;1_3,1_3,1_3&#8243; use_custom_gutter=&#8221;on&#8221; gutter_width=&#8221;2&#8243; _builder_version=&#8221;4.22.1&#8243; _module_preset=&#8221;default&#8221; width=&#8221;100%&#8221; max_width=&#8221;1540px&#8221; global_colors_info=&#8221;{}&#8221; theme_builder_area=&#8221;post_content&#8221;][et_pb_column type=&#8221;1_3&#8243; _builder_version=&#8221;4.22.1&#8243; _module_preset=&#8221;default&#8221; global_colors_info=&#8221;{}&#8221; theme_builder_area=&#8221;post_content&#8221;][et_pb_text _builder_version=&#8221;4.22.2&#8243; _module_preset=&#8221;default&#8221; text_font=&#8221;Lato||||||||&#8221; text_text_color=&#8221;#FFFFFF&#8221; text_font_size=&#8221;16px&#8221; link_font=&#8221;Lato|700|||||||&#8221; link_text_color=&#8221;#FFFFFF&#8221; text_orientation=&#8221;center&#8221; custom_margin=&#8221;20px|||0px|false|false&#8221; global_colors_info=&#8221;{}&#8221; theme_builder_area=&#8221;post_content&#8221;]<p style=\"text-align: center;\">Kuopion Suomi-Ranska yhdistys ry<br \/><a href=\"mailto:cercle.kuopio@gmail.com\" target=\"_blank\" rel=\"noopener\">cercle.kuopio (at) gmail.com<\/a><\/p>[\/et_pb_text][\/et_pb_column][et_pb_column type=&#8221;1_3&#8243; _builder_version=&#8221;4.22.1&#8243; _module_preset=&#8221;default&#8221; global_colors_info=&#8221;{}&#8221; theme_builder_area=&#8221;post_content&#8221;][et_pb_image src=&#8221;https:\/\/www.suomi-ranska.com\/kuopio\/wp-content\/uploads\/2023\/09\/heksagon-juhon-tekele.webp&#8221; title_text=&#8221;heksagon juhon tekele&#8221; show_bottom_space=&#8221;off&#8221; align=&#8221;center&#8221; _builder_version=&#8221;4.22.2&#8243; _module_preset=&#8221;default&#8221; width=&#8221;30%&#8221; width_tablet=&#8221;50%&#8221; width_phone=&#8221;46%&#8221; width_last_edited=&#8221;on|tablet&#8221; global_colors_info=&#8221;{}&#8221; theme_builder_area=&#8221;post_content&#8221;][\/et_pb_image][\/et_pb_column][et_pb_column type=&#8221;1_3&#8243; _builder_version=&#8221;4.22.1&#8243; _module_preset=&#8221;default&#8221; global_colors_info=&#8221;{}&#8221; theme_builder_area=&#8221;post_content&#8221;][et_pb_icon font_icon=&#8221;&#xf09a;||fa||400&#8243; icon_color=&#8221;#FFFFFF&#8221; icon_width=&#8221;34px&#8221; url=&#8221;https:\/\/www.facebook.com\/groups\/1649202232206980&#8243; url_new_window=&#8221;on&#8221; _builder_version=&#8221;4.22.2&#8243; _module_preset=&#8221;default&#8221; custom_margin=&#8221;20px||||false|false&#8221; global_colors_info=&#8221;{}&#8221; theme_builder_area=&#8221;post_content&#8221;][\/et_pb_icon][\/et_pb_column][\/et_pb_row][\/et_pb_section]","protected":false},"excerpt":{"rendered":"<p>[et_pb_section fb_built=&#8221;1&#8243; _builder_version=&#8221;4.22.2&#8243; _module_preset=&#8221;default&#8221; background_enable_color=&#8221;off&#8221; use_background_color_gradient=&#8221;on&#8221; background_color_gradient_stops=&#8221;#002654 0%|#ffffff 100%&#8221; background_enable_image=&#8221;off&#8221; background_size=&#8221;contain&#8221; width=&#8221;100%&#8221; max_width=&#8221;100%&#8221; custom_padding=&#8221;16px||24px|||&#8221; global_colors_info=&#8221;{}&#8221; theme_builder_area=&#8221;post_content&#8221;][et_pb_row column_structure=&#8221;1_3,1_3,1_3&#8243; _builder_version=&#8221;4.22.2&#8243; _module_preset=&#8221;default&#8221; max_width=&#8221;1920px&#8221; custom_padding=&#8221;||0px||false|false&#8221; global_colors_info=&#8221;{}&#8221; theme_builder_area=&#8221;post_content&#8221;][et_pb_column type=&#8221;1_3&#8243; _builder_version=&#8221;4.22.2&#8243; _module_preset=&#8221;default&#8221; custom_padding=&#8221;50px||||false|false&#8221; global_colors_info=&#8221;{}&#8221; theme_builder_area=&#8221;post_content&#8221;][et_pb_text _builder_version=&#8221;4.22.2&#8243; _module_preset=&#8221;default&#8221; header_font=&#8221;Lato|700|||||||&#8221; header_text_align=&#8221;center&#8221; header_text_color=&#8221;#FFFFFF&#8221; header_font_size=&#8221;40px&#8221; header_3_font=&#8221;Lato||||||||&#8221; header_3_text_align=&#8221;center&#8221; header_3_text_color=&#8221;#000000&#8243; header_3_font_size=&#8221;30px&#8221; header_3_line_height=&#8221;1.1em&#8221; custom_margin=&#8221;||0px|0px|false|false&#8221; custom_margin_tablet=&#8221;||0px|0px|false|false&#8221; custom_margin_phone=&#8221;||0px|0px|false|false&#8221; custom_margin_last_edited=&#8221;on|tablet&#8221; hover_enabled=&#8221;0&#8243; header_font_size_tablet=&#8221;40px&#8221; header_font_size_phone=&#8221;30px&#8221; header_font_size_last_edited=&#8221;on|tablet&#8221; global_colors_info=&#8221;{}&#8221; theme_builder_area=&#8221;post_content&#8221; sticky_enabled=&#8221;0&#8243;] Tapahtumat 2019 [\/et_pb_text][\/et_pb_column][et_pb_column type=&#8221;1_3&#8243; [&hellip;]<\/p>\n","protected":false},"author":10,"featured_media":0,"parent":0,"menu_order":0,"comment_status":"closed","ping_status":"closed","template":"","meta":{"_acf_changed":false,"_et_pb_use_builder":"on","_et_pb_old_content":"<!-- wp:list -->\n<ul><!-- wp:list-item -->\n<li>9.1.2019 klo 13 kuukausilounas Viikinkiravintola Haraldissa (Tulliportinkatu 44)<\/li>\n<!-- \/wp:list-item -->\n\n<!-- wp:list-item -->\n<li>6.2.2019 kuukausilounas klo 13 v\u00e4limerellisess\u00e4 Ravintola&nbsp;Kreetassa (Maaherrankatu 23)<\/li>\n<!-- \/wp:list-item -->\n\n<!-- wp:list-item -->\n<li>13.2.2019 klo 17:30 \u2013 21:30 yst\u00e4vyysseurojen perinteinen yst\u00e4v\u00e4np\u00e4iv\u00e4n juhlatilaisuus<br>ravintola BowlD1nerissa (Viihdekeskus Minna, Ajurinkatu 16)<\/li>\n<!-- \/wp:list-item -->\n\n<!-- wp:list-item -->\n<li>14.2.2919 klo 16 yhdistyksen s\u00e4\u00e4nt\u00f6m\u00e4\u00e4r\u00e4inen vuosikokous Monikulttuurikeskus Kompassissa (Kauppakatu 40 \u2013 42)<\/li>\n<!-- \/wp:list-item -->\n\n<!-- wp:list-item -->\n<li>6.3.2019 klo 13 kuukausilounas Ravintola Skillassa (Savonkatu 24)<\/li>\n<!-- \/wp:list-item -->\n\n<!-- wp:list-item -->\n<li>30.3.2019 klo 11 p\u00e4\u00e4si\u00e4ishenkinen kokkikurssi Vanhassa Marttalassa (Ajurinkatu 43). Kokkasimme kev\u00e4isi\u00e4 p\u00e4\u00e4si\u00e4isherkkuja Chef-Marjatan johdolla:<br>\u2022 Ricotta-pinaattikohokasta<br>\u2022 Mausteisia lampaanlihavartaita ja salade de lentilles<br>\u2022 Cafe gourmet - eli kaksi ihanaa j\u00e4lkiruokaa kahvin kanssa<\/li>\n<!-- \/wp:list-item --><\/ul>\n<!-- \/wp:list -->\n\n<!-- wp:image {\"align\":\"center\",\"id\":3172,\"sizeSlug\":\"large\",\"linkDestination\":\"custom\"} -->\n<figure class=\"wp-block-image aligncenter size-large\"><img src=\"https:\/\/www.suomi-ranska.com\/kuopio\/wp-content\/uploads\/2023\/10\/IMG_2940-1024x765.jpg\" alt=\"\" class=\"wp-image-3172\"\/><\/figure>\n<!-- \/wp:image -->\n\n<!-- wp:list -->\n<ul><!-- wp:list-item -->\n<li>3.4.2019 klo 13 kuukausilounas muikkuravintola Sammossa (Kauppakatu 13). Ravintola tarjoaa tunnetusti Suomen, tai oikeastaan maailman, parhaat muikut. Saatavilla on my\u00f6s kasvis- ja liharuokaa.<\/li>\n<!-- \/wp:list-item -->\n\n<!-- wp:list-item -->\n<li>8.5.2019 klo 13 kuukausilounas ravintola Bokassa, Koljonniemenkatu 2.<\/li>\n<!-- \/wp:list-item -->\n\n<!-- wp:list-item -->\n<li>25.5.2019 kokkikurssi Vanhassa Marttalassa (Ajurinkatu 43): Herkuteltiin juustolla ja viinill\u00e4.<\/li>\n<!-- \/wp:list-item -->\n\n<!-- wp:list-item -->\n<li>14.7.2019 (sunnuntai) vietettiin Ranskan kansallisp\u00e4iv\u00e4\u00e4 Kaavilla Eero Markkisen kes\u00e4paikassa.<\/li>\n<!-- \/wp:list-item -->\n\n<!-- wp:list-item -->\n<li>7.8.2019 klo 13 kuukausilounas Wanhassa Satamassa, Matkustajasatamassa<\/li>\n<!-- \/wp:list-item -->\n\n<!-- wp:list-item -->\n<li>Keskiviikkona 28.8.2019 klo 13 tutustuttiin Kuopion taidemuseon (Kauppakatu 35)&nbsp;vaihtuvaan n\u00e4yttelyyn \u201dLiikkuvat muodot\u201d. Siin\u00e4 viivan rytmi, liikkeen tuntu ja teosten muotojen keskin\u00e4inen dynamiikka luovat n\u00e4yttelyn, jossa taide ja liikunta kohtaavat.<\/li>\n<!-- \/wp:list-item -->\n\n<!-- wp:list-item -->\n<li>Keskiviikkona 4.9.2019&nbsp;retkeiltiin Jynkk\u00e4\u00e4n lounastamaan ravintola K\u00e4skynkk\u00e4\u00e4n (Soikkokuja 12) &nbsp;(syyskuun kuukausilounas).<\/li>\n<!-- \/wp:list-item -->\n\n<!-- wp:list-item -->\n<li>Lokakuun kuukausilounas nautittiin keskiviikkona 2.10. klo 13 ravintola Saanassa (Siikaranta 12). Lounaaseen kuului alkusalaatit &amp; Liepuskan leip\u00e4\u00e4, savuporokeitto ja curry-aurajuustobroileriatai kasvispasta sek\u00e4 pieni makea kahvin tai teen kanssa. Paikalla oli runsaasti v\u00e4ke\u00e4, pitk\u00e4n p\u00f6yd\u00e4n t\u00e4ydelt\u00e4!<\/li>\n<!-- \/wp:list-item -->\n\n<!-- wp:list-item -->\n<li>Kokkikurssillamme lauantaina 19.10. klo 11\u201316 vanhassa Marttalassa (Ajurinkatu 43) herkuttelimme syksyn sadolla, jota opimme kokkaamaan chef-Marjatan johdolla. Herkkuihin kuului mm. kaalikakku. Tarjolla oli uuniomenoiden lis\u00e4ksi toinenkin j\u00e4lkiruoka, sill\u00e4 j\u00e4senemme Marja Soininen n\u00e4ytti upeita kuvia matkoiltaan.<\/li>\n<!-- \/wp:list-item -->\n\n<!-- wp:list-item -->\n<li>Marraskuun kuukausilounas nautittiin keskiviikkona 6.11. klo 13 ravintola Komilfossa (K\u00e4sity\u00f6katu 25). Paikalla suuri joukko cerclel\u00e4isi\u00e4.<\/li>\n<!-- \/wp:list-item -->\n\n<!-- wp:list-item -->\n<li>Uuden sadon Beaujolais-viinist\u00e4, pienest\u00e4 suolaisesta, ihanasta makeasta sek\u00e4 hyv\u00e4st\u00e4 seurasta p\u00e4\u00e4simme nauttimaan lauantaina 23.11.2019 vanhassa Marttalassa (Ajurinkatu 43).<\/li>\n<!-- \/wp:list-item -->\n\n<!-- wp:list-item -->\n<li>Cerclel\u00e4isten joulukuun kuukausilounas nautittiin keskiviikkona 4.12. klo 13 Ravintola Kreetassa (Maaherrankatu 23).<\/li>\n<!-- \/wp:list-item --><\/ul>\n<!-- \/wp:list -->","_et_gb_content_width":"1080","footnotes":""},"class_list":["post-182","page","type-page","status-publish","hentry"],"acf":[],"_links":{"self":[{"href":"https:\/\/www.suomi-ranska.com\/kuopio\/wp-json\/wp\/v2\/pages\/182","targetHints":{"allow":["GET"]}}],"collection":[{"href":"https:\/\/www.suomi-ranska.com\/kuopio\/wp-json\/wp\/v2\/pages"}],"about":[{"href":"https:\/\/www.suomi-ranska.com\/kuopio\/wp-json\/wp\/v2\/types\/page"}],"author":[{"embeddable":true,"href":"https:\/\/www.suomi-ranska.com\/kuopio\/wp-json\/wp\/v2\/users\/10"}],"replies":[{"embeddable":true,"href":"https:\/\/www.suomi-ranska.com\/kuopio\/wp-json\/wp\/v2\/comments?post=182"}],"version-history":[{"count":4,"href":"https:\/\/www.suomi-ranska.com\/kuopio\/wp-json\/wp\/v2\/pages\/182\/revisions"}],"predecessor-version":[{"id":3365,"href":"https:\/\/www.suomi-ranska.com\/kuopio\/wp-json\/wp\/v2\/pages\/182\/revisions\/3365"}],"wp:attachment":[{"href":"https:\/\/www.suomi-ranska.com\/kuopio\/wp-json\/wp\/v2\/media?parent=182"}],"curies":[{"name":"wp","href":"https:\/\/api.w.org\/{rel}","templated":true}]}}