{"id":1153,"date":"2016-06-10T15:46:09","date_gmt":"2016-06-10T15:46:09","guid":{"rendered":"http:\/\/31.217.196.198\/~sqlhrbvd\/multisite\/teknillistieteellinen\/?page_id=48"},"modified":"2025-02-17T08:34:49","modified_gmt":"2025-02-17T08:34:49","slug":"jasenyys","status":"publish","type":"page","link":"https:\/\/www.suomi-ranska.com\/teknillistieteellinen\/jasenyys\/","title":{"rendered":"J\u00e4senyys"},"content":{"rendered":"<p><strong>S<\/strong>euran j\u00e4seneksi voivat hakea kaikki tieteest\u00e4 ja tekniikasta kiinnostuneet henkil\u00f6t. Vapaamuotoisen j\u00e4senyyshakemuksen voi l\u00e4hett\u00e4\u00e4 seuran sihteerille Hannu Tiaiselle (HOtiainen@outlook.com, puh 0405041365)<\/p>\n<p>Hakemuksesta tulee ilmet\u00e4 hakijan himi, osoite, s\u00e4hk\u00f6postiosoite ja mielell\u00e4\u00e4n my\u00f6s puhelinnumero.<\/p>\n<p>j\u00e4senmaksukausi on vuosikokousten v\u00e4linen aika, tammikuun alusta 2025 joulukuun.<\/p>\n<div id=\"ninja_forms_form_5_cont\" class=\"ninja-forms-cont\">\n<div id=\"ninja_forms_form_5_wrap\" class=\"ninja-forms-form-wrap\">\n<div id=\"ninja_forms_form_5_all_fields_wrap\" class=\"ninja-forms-all-fields-wrap\">\n<div class=\"ninja-forms-required-items\"><label id=\"ninja_forms_field_6_label\" for=\"ninja_forms_field_6\">\u00a0<\/label><\/div>\n<div id=\"ninja_forms_field_6_div_wrap\" class=\"field-wrap text-wrap label-above\"><\/div>\n<div id=\"ninja_forms_field_7_div_wrap\" class=\"field-wrap text-wrap label-above\"><label id=\"ninja_forms_field_12_label\" for=\"ninja_forms_field_12\">\u00a0<\/label><\/div>\n<\/div>\n<\/div>\n<\/div>\n","protected":false},"excerpt":{"rendered":"<p>Seuran j\u00e4seneksi voivat hakea kaikki tieteest\u00e4 ja tekniikasta kiinnostuneet henkil\u00f6t. Vapaamuotoisen j\u00e4senyyshakemuksen voi l\u00e4hett\u00e4\u00e4 seuran sihteerille Hannu Tiaiselle (HOtiainen@outlook.com, puh 0405041365) Hakemuksesta tulee ilmet\u00e4 hakijan himi, osoite, s\u00e4hk\u00f6postiosoite ja mielell\u00e4\u00e4n my\u00f6s puhelinnumero. j\u00e4senmaksukausi on vuosikokousten v\u00e4linen aika, tammikuun alusta 2025 joulukuun. \u00a0 \u00a0<\/p>\n","protected":false},"author":2,"featured_media":0,"parent":0,"menu_order":0,"comment_status":"open","ping_status":"open","template":"","meta":{"_et_pb_use_builder":"off","_et_pb_old_content":"<span style=\"color: #0000ff\"><a style=\"color: #0000ff\" href=\"http:\/\/31.217.196.198\/~sqlhrbvd\/multisite\/teknillistieteellinen\/\">Etusivulle<\/a> \u00a0<a style=\"color: #0000ff\" href=\"http:\/\/31.217.196.198\/~sqlhrbvd\/multisite\/teknillistieteellinen\/hallitus\/\">hallitus <\/a><span style=\"color: #000080\">\u00a0<\/span><a style=\"color: #0000ff\" href=\"http:\/\/31.217.196.198\/~sqlhrbvd\/multisite\/teknillistieteellinen\/jasenyys\/\">J\u00e4senyys <\/a>\u00a0 <a style=\"color: #0000ff\" href=\"http:\/\/31.217.196.198\/~sqlhrbvd\/multisite\/teknillistieteellinen\/taustaa\/\">Taustaa<\/a>\u00a0\u00a0<span style=\"color: #000080\"><a style=\"color: #000080\" href=\"http:\/\/31.217.196.198\/~sqlhrbvd\/multisite\/teknillistieteellinen\/tapahtumia\/\"><span style=\"color: #0000ff\">Tapahtumia<\/span><\/a><\/span>\u00a0<a style=\"color: #0000ff\" href=\"http:\/\/31.217.196.198\/~sqlhrbvd\/multisite\/teknillistieteellinen\/toimintakertomukset\/\">Toimintakertomukset<\/a>\u00a0 <a href=\"http:\/\/31.217.196.198\/~sqlhrbvd\/multisite\/teknillistieteellinen\/tietosuoja-asetus-rekisteriseloste\/\"><span style=\"color: #0000ff\">Rekisteriseloste<\/span><\/a>\u00a0\u00a0<span style=\"color: #000080\">\u00a0\u00a0<a style=\"color: #0000ff\" href=\"http:\/\/31.217.196.198\/~sqlhrbvd\/multisite\/teknillistieteellinen\/saannot\/\">S\u00e4\u00e4nn\u00f6t<\/a> \u00a0 \u00a0<a style=\"color: #0000ff\" href=\"http:\/\/31.217.196.198\/~sqlhrbvd\/multisite\/teknillistieteellinen\/yhteystiedot\/\">Yhteystiedot<\/a><\/span> \u00a0 <span style=\"color: #3366ff\"><a href=\"http:\/\/31.217.196.198\/~sqlhrbvd\/multisite\/teknillistieteellinen\/tietosuoja-asetus-rekisteriseloste\/\">\u00a0<\/a><\/span> <span style=\"color: #3366ff\"><a href=\"http:\/\/31.217.196.198\/~sqlhrbvd\/multisite\/teknillistieteellinen\/tietosuoja-asetus-rekisteriseloste\/\">\u00a0<\/a><\/span><\/span>\n\n<span style=\"color: #ff0000\"><a style=\"color: #ff0000\" href=\"http:\/\/31.217.196.198\/~sqlhrbvd\/multisite\/teknillistieteellinen\/comite-directeur-de-laffrst-en-2017\/\">Comit\u00e9 directeur<\/a>\u00a0 \u00a0 <a style=\"color: #ff0000\" href=\"http:\/\/31.217.196.198\/~sqlhrbvd\/multisite\/teknillistieteellinen\/lassociation-franco-finlandaise-pour-la-recherche-scientifique-et-technique-affrst\/\">L'association<\/a>\u00a0\u00a0\u00a0 <a style=\"color: #ff0000\" href=\"http:\/\/31.217.196.198\/~sqlhrbvd\/multisite\/teknillistieteellinen\/symposiums-franco-finlandais-1973-2010\/\">Symposiums<\/a>\u00a0\u00a0\u00a0 <a style=\"color: #ff0000\" href=\"http:\/\/31.217.196.198\/~sqlhrbvd\/multisite\/teknillistieteellinen\/activites\/\">Activites<\/a>\u00a0 <a style=\"color: #ff0000\" href=\"http:\/\/31.217.196.198\/~sqlhrbvd\/multisite\/teknillistieteellinen\/devenir-membre\/\">Devenir membre <\/a><\/span>\n\n<strong>J\u00e4senmaksu ja j\u00e4sentiedot<\/strong>\u00a0<strong>\u00a0<\/strong>\n\n&nbsp;\n\nSeuran j\u00e4senmaksukausi on vuosikokousten v\u00e4linen aika, toukokuusta 2023 toukokuun loppuun v. 2024. Kauden 2023-2024 j\u00e4senmaksu, 30 euroa, pyydet\u00e4\u00e4n maksamaan\u00a0 alla mainitulle seuran tilille\u00a0 31.5.2023 menness\u00e4. Viestikentt\u00e4\u00e4n pyydet\u00e4\u00e4n merkitsem\u00e4\u00e4n: \"j\u00e4senmaksu 2023,\u00a0 j\u00e4senen etu- ja sukunimi. Viestikentt\u00e4\u00e4n voi merkit\u00e4 my\u00f6s arvon tai ammatin, katuosoitteen, puhelinnumeron ja s\u00e4hk\u00f6postiosoitteen, mik\u00e4li n\u00e4iss\u00e4 tiedoissa on tapahtunut muutoksia.\u00a0 Kyseiset tiedot voi l\u00e4hett\u00e4\u00e4 my\u00f6s erikseen puheenjohtajalle tai sihteerille.\n\nSeuran j\u00e4senmaksutili: FI61 8000 1301 6874 80\n\n&nbsp;\n<h4 id=\"liittyminen\" class=\"anchor\">Liittyminen j\u00e4seneksi<\/h4>\nSuomalais-ranskalaisen teknillistieteellisen seuran henkil\u00f6j\u00e4seneksi voi liitty\u00e4 l\u00e4hett\u00e4m\u00e4ll\u00e4 s\u00e4hk\u00f6postitse j\u00e4senanomuksen seuran\u00a0 sihteerille (hannu.o.tiainen@gmail.com).\n\nAnomuksessa tulee ilmet\u00e4 seuraavat tiedot:\n<div id=\"ninja_forms_form_5_cont\" class=\"ninja-forms-cont\">\n<div id=\"ninja_forms_form_5_wrap\" class=\"ninja-forms-form-wrap\">\n<div id=\"ninja_forms_form_5_response_msg\" class=\"ninja-forms-response-msg \">\u00a0Hakijan<\/div>\n<div class=\"ninja-forms-response-msg \" style=\"padding-left: 30px\">nimi<\/div>\n<div class=\"ninja-forms-response-msg \" style=\"padding-left: 30px\">toimiala, arvo tai ammatti<\/div>\n<div class=\"ninja-forms-response-msg \" style=\"padding-left: 30px\">osoite<\/div>\n<div class=\"ninja-forms-response-msg \" style=\"padding-left: 30px\">puhelinnumero<\/div>\n<div class=\"ninja-forms-response-msg \" style=\"padding-left: 30px\">s\u00e4hk\u00f6postiosoite<\/div>\n<div id=\"ninja_forms_form_5_all_fields_wrap\" class=\"ninja-forms-all-fields-wrap\">\n<div class=\"ninja-forms-required-items\"><label id=\"ninja_forms_field_6_label\" for=\"ninja_forms_field_6\">\u00a0<\/label><\/div>\n<div id=\"ninja_forms_field_6_div_wrap\" class=\"field-wrap text-wrap label-above\"><\/div>\n<div id=\"ninja_forms_field_7_div_wrap\" class=\"field-wrap text-wrap label-above\"><label id=\"ninja_forms_field_12_label\" for=\"ninja_forms_field_12\">\u00a0<\/label><\/div>\n<\/div>\n<\/div>\n<\/div>","_et_gb_content_width":"1080","footnotes":""},"class_list":["post-1153","page","type-page","status-publish","hentry"],"_links":{"self":[{"href":"https:\/\/www.suomi-ranska.com\/teknillistieteellinen\/wp-json\/wp\/v2\/pages\/1153","targetHints":{"allow":["GET"]}}],"collection":[{"href":"https:\/\/www.suomi-ranska.com\/teknillistieteellinen\/wp-json\/wp\/v2\/pages"}],"about":[{"href":"https:\/\/www.suomi-ranska.com\/teknillistieteellinen\/wp-json\/wp\/v2\/types\/page"}],"author":[{"embeddable":true,"href":"https:\/\/www.suomi-ranska.com\/teknillistieteellinen\/wp-json\/wp\/v2\/users\/2"}],"replies":[{"embeddable":true,"href":"https:\/\/www.suomi-ranska.com\/teknillistieteellinen\/wp-json\/wp\/v2\/comments?post=1153"}],"version-history":[{"count":21,"href":"https:\/\/www.suomi-ranska.com\/teknillistieteellinen\/wp-json\/wp\/v2\/pages\/1153\/revisions"}],"predecessor-version":[{"id":2439,"href":"https:\/\/www.suomi-ranska.com\/teknillistieteellinen\/wp-json\/wp\/v2\/pages\/1153\/revisions\/2439"}],"wp:attachment":[{"href":"https:\/\/www.suomi-ranska.com\/teknillistieteellinen\/wp-json\/wp\/v2\/media?parent=1153"}],"curies":[{"name":"wp","href":"https:\/\/api.w.org\/{rel}","templated":true}]}}